- (1 - 3)?
7
What is the value of 1 - 13 - -1 - (55 + -97 + -2)?
33
Calculate 13 - (7 + 14) - 8.
-16
Calculate -156 + 122 + (8 - -3).
-23
Evaluate 13 - (-1 - -9 - 1).
6
Evaluate (-14 + 7 - -6) + 0 - -8.
7
What is 27 - (-7 - (-73 - -19))?
-20
What is the value of -3 + -4 + 2 + 10 + -12?
-7
Evaluate 16 - (8 + 0 - -19).
-11
What is the value of (59 - 28 - 19) + -25?
-13
-3 + (0 - -3) + (3 - 12)
-9
Evaluate (4 - -1) + -288 + 287.
4
Evaluate 17 - 9 - 0 - (3 + (3 - 4)).
6
What is the value of -25 - (-8 - (-33 + 22))?
-28
What is the value of 3 - 0 - ((-8 - -6 - -6) + -12)?
11
Calculate -25 - -47 - (0 - -15).
7
What is -2 - (-23 + 15 - -22)?
-16
What is the value of 0 - -2 - (-3 + 1 + -3 + 11)?
-4
What is 5 - 17 - 1 - -17?
4
Calculate -2 + -2 + -6 + -6 + 18.
2
5 + (-16 - -13) + 8
10
What is the value of 0 - 7 - (96 + -77)?
-26
1 - -2 - (114 + -124)
13
What is 1 - 5 - (13 + -26 + 13)?
-4
What is (11 - (-13 + 31)) + -15 - -6?
-16
Evaluate 19 - 1 - (-2 + 25).
-5
Evaluate -1 + 2 - (17 - 12 - 1).
-3
100 - 114 - ((-4 - 3) + 19)
-26
Calculate -3 + (-15 - -18 - 16) + 16.
0
-10 - -2 - 2 - (-68 - -65)
-7
What is 54 - 55 - (3 + 1 + 2)?
-7
What is 2 + -10 + (-9 - 1 - (118 + -130))?
-6
What is 20 + -7 + -3 - (-2 + 8)?
4
What is the value of 4 - (1 + (8 + 2 - 5 - 3))?
1
What is the value of -3 + 11 + -4 + (-64 - -56)?
-4
What is the value of 6 + -1 + 2 + -7 + 2 + -2?
0
Evaluate 0 - (-41 - (-1 + 3) - (-62 - -59)).
40
Evaluate (-1 - 3) + 0 + -9 + 3 + 13.
3
Calculate 0 + -17 + -7 + (-11 - -4 - -7).
-24
Calculate -61 - (-122 - -49) - (1 + 4 + 0).
7
Calculate 10 + (-14 + -19 - -10) - -31.
18
Evaluate (-9 - (1 + 7)) + 6.
-11
Evaluate (-2 - (12 + -2)) + -7 - (-7 + 0).
-12
What is -26 + 32 + 14 + (-5 - 1)?
14
-34 + 3 + 18 + 37
24
-9 + (0 - 12) + 14 + -7
-14
Calculate 14 + (-25 - (-5 + 13)).
-19
Calculate 9 + -7 + -1 + -3 + -5.
-7
-6 - (0 - (20 + 11) - -7)
18
9 + -25 + (-5 - (-5 - 9))
-7
Evaluate (-11 - 0) + 0 - (-52 - -45) - -9.
5
What is the value of 262 + -267 + (1 - -1)?
-3
What is -6 + 1 - (-4 + -4 - 6)?
9
Calculate -4 - (18 - 28 - (-5 + -12)).
-11
Calculate -37 + 11 + 1 + 6.
-19
Evaluate -322 - -371 - (-1 + 13) - 16.
21
(-1 - 1) + (-82 - -96) - 28
-16
Calculate (6 - (-5 - -28)) + (-4 - -14).
-7
10 + -1 - (-8 + 4 + -2 + 4)
11
Calculate (15 - (8 + -48)) + -18.
37
What is 4 + 7 + -6 + -5 - (0 + 5)?
-5
-26 + (11 - 2) + 25 + (-2 - 0)
6
Evaluate 3 - 33 - (-18 + -11) - (-1 - -22).
-22
What is the value of 3 - -18 - 16 - (18 + 1)?
-14
What is 5 - (25 - (-2 - -23) - (-1 - 1))?
-1
What is (-1 + 18 - ((0 - 12) + 11)) + -8?
10
-66 - -63 - (6 + -30 - 5)
26
Calculate 8 + (13 - (35 + -7)).
-7
What is the value of 6 + (-3 - -5) + (5 - (1 - -2))?
10
What is the value of -4 + (4 - 6) - (8 + -19)?
5
What is -5 + (-10 - (-3 + -6)) + 4?
-2
What is the value of 19 - (-14 + 28 + -19 + 7)?
17
Calculate (-23 - -11 - -32) + -30.
-10
Calculate 15 + -36 + 3 + (-1 - 0 - -4).
-15
What is (-8 - 3) + 7 + (-2 - (6 - 4))?
-8
(201 - 196) + (-13 - 1)
-9
What is 32 - 37 - (2 + 5)?
-12
Calculate (12 - (1 + 20) - -12) + 0 + 0.
3
Evaluate (83 + -69 - (8 - (-1 + 2))) + -5.
2
What is the value of -2 + 1 + (47 - 22) + -2?
22
What is the value of (-16 - -1) + (244 - 250)?
-21
What is 25 - (9 + 19 + -13)?
10
7 + -11 + (0 - 2) - (6 + -1)
-11
-6 - (-2 + 5 + -3 + 2 + -5)
-3
What is (3 - (5 + 1)) + (-1 - -2 - 12)?
-14
-7 - ((-3 + 2 - 6) + -103 + 110)
-7
Evaluate -1 - 7 - (-1 + -1 + -1 + 14).
-19
Calculate 357 - 346 - (31 + (0 - 2)).
-18
-50 + (-25 - (-48 + -6))
-21
What is the value of -1955 + 1968 + (1 - (2 + -3 - -3))?
12
What is the value of 1 + 1 - (7 + -39 + 28) - 36?
-30
Calculate (-37 - -46) + (-2 - -1) + -2 + 3.
9
-2 - (333 + -320 + -12 + 0)
-3
What is -1 + -6 - -13 - ((0 - 2) + 2)?
6
Calculate 5 - (-4 + 2 + 0 + 1 + -5).
11
Evaluate (4 - 0) + (-12 - (15 + -16)).
-7
(-62 - -58) + (14 - 1)
9
What is the value of (128 - 130) + 9 + -1?
6
What is 12 + -17 + 2 + -2 + -5?
-10
(-4 - -10 - -5) + 15 + -31
-5
Calculate 70 - -7 - 21 - 20.
36
-13 - ((9 + -4 - 5) + -13)
0
What is the value of (-155 - -158 - (0 - -14)) + 13?
2
Calculate 268 + -282 - (3 - -5).
-22
Evaluate -16 + 3 + (24 - 33) + 1 + 9.
-12
What is the value of -14 + 42 + -10 + -1?
17
What is the value of -2 - -21 - (-33 + 4 + 29)?
19
What is -5 - 5 - (7 - 39)?
22
-4 + 18 + -9 - (-1 + -5)
11
What is the value of 43 - 15 - (9 - 4 - -3)?
20
Calculate (-15 - -7) + (2 - -2).
-4
Calculate 1 + -12 - -5 - -2.
-4
-24 + ((-10 - -30) + -11 - -1)
-14
(17 - -12 - 14) + -16 + 22
21
What is 0 - -4 - (-46 - -50)?
0
Calculate -12 + (14 - -20) + -17.
5
What is the value of -9 - -13 - (-8 + 0 + 49 + -44)?
7
-1 - -5 - (-1 + 0 + 12 + -11)
4
Evaluate (10 + 2 - -4) + -13 + 3 + 4.
10
What is 22 + -14 + 15 - 9?
14
-11 - (73 - 75 - (25 - 1))
15
What is the value of -6 - (-3 - -3) - -13?
7
Evaluate (5 + 2 - (5 + -2) - 1) + 1.
4
What is (-3 - 0) + (2 - (10 - 17)) + -9?
-3
Evaluate 1 + -7 + (-119 - -156).
31
What is -2 + 4 + 1 + 5 + 2 + -2?
8
9 + (7 - (4 + (-4 - (-4 - 3))))
9
-1 - 8 - -4 - 2 - -2
-5
What is 38 - (23 + 19 + -22)?
18
What is (-6 + -8 - -2) + 5 + 14?
7
Evaluate -63 - -44 - -10 - (0 - (-1 - 1)).
-11
Calculate -21 + 0 + 16 + (-6 - (15 - -2)).
-28
Calculate -19 - -10 - 1 - (-4 + 13).
-19
Evaluate (18 - (4 + 4 + 1)) + -14.
-5
Calculate 33 - (42 + -1 + -7).
-1
Evaluate (0 - -18) + (43 - 56).
5
Calculate -2 + -27 + (18 + -31 - (-4 - 8)).
-30
23 - (-9 + 26 + -4 + -10)
20
What is (-31 - -28 - 5) + (-2 + 0 - 5)?
-15
Calculate -1 + -8 - (22 + (-86 - -67)).
-12
What is -18 - (-18 - (32 + -60))?
-28
Evaluate 4 + -11 - (0 + -19).
12
What is the value of -13 - (3 + 0 + (14 - (-6 + 26)))?
-10
Evaluate 8 + -6 + (-1 - 4) + (47 - 39).
5
What is -8 + 0 + -8 + 13?
-3
(-8 - -4) + 28 - (-21 + 20)
25
12 + (0 - 0) + -111 + 149 + -65
-15
Evaluate (3 - (6 + -4)) + -48 + 51.
4
Evaluate 12 + 10 + (6 - 15) + 11.
24
Calculate -5 - 1 - (-7 - -5).
-4
What is (10 - 4) + -15 + 12 + -23?
-20
Calculate -20 + 14 + -22 + 29.
1
Evaluate -14 + (-7 - (-4 - -3)) + 13.
-7
-2 + -1 + 8 + 50 + -30 + -2
23
What is -16 + (1 - -10) + 8?
3
What is the value of (-3 + 6 - 2 - 2) + -8 + 5?
-4
What is the value of 14 + (10 + -2 - (-3 - -7)) + -10?
8
2 + -2 + (-7 - 0) - (850 + -865)
8
Evaluate 34 + (-21 - -12) - (1 - -9).
15
Calculate 0 + (14 - (-41 + 79)).
-24
What is the value of (-33 - -5 - -14) + -13?
-27
What is the value of -16 + (-7 - -22) - 4?
-5
22 + (-5 + -12 - -3)
8
What is the value of 11 + (9 - (17 - -6))?
-3
Evaluate -4 - -4 - (26 + -30).
4
What is the value of 18 + 10 + -20 + 2?
10
Evaluate 18 - (-36 - (34 - 60)).
28
What is the value of 2 + (-10 - (-16 - -8)) + -2?
-2
What is the value of -45 + -4 + 48 + 3 + 2 + -3?
1
What is the value of 34 - -2 - (10 - (-20 + 17))?
23
11 + -8 + 7 + -10
0
What is the value of (-40 + 16 - -19) + -17 + -1?
-23
What is the value of 0 - (9 + -13 + -4 - -6)?
2
What is the value of (9 - (8 + 3) - 4) + -4?
-10
Calculate 273 + -258 + (-2 - -2 - (4 - -2)).
9
-10 - (-1 - 10) - -10
11
What is the value of 8 + -2 + 4 + 10?
20
(-4 - -15 - (-28 + 38)) + -2
-1
Calculate (-6 - 2) + (3 - 1) + -8 + 5.
-9
(92 - (66 - 1)) + (-3 - (0 + 1))
23
What is the value of -4 - (-19 - (-44 - -15))?
-14
Calculate (-6 + 3 - 3 - -11) + -2.
3
18 - (7 + -3 + 6) - 8
0
What is -15 + 34 - 24 - -4 - 30?
-31
Evaluate 2 + (8 - (5 + 5)) + -4.
-4
Calculate 24 - (-9 + 31) - 5.
-3
Calculate (-10 + 6 - -9 - -2) + -5 - 10.
-8
3 + (7 - 9 - 2 - 7) + -9
-17
What is the value of (-8 - 26) + (-6 - -28)?
-12
Calculate -21 + 2 + -13 + 22.
-10
Evaluate -1 + (10 + -9 - -9) - -5.
14
-3 + (30 - 23) - -20
24
Evaluate 0 - 10 - (-25 - (4 + -20)).
-1
-4 - (19 + -29 + (-3 - 9))
18
Evaluate -1 + 1 + -12 + (-15 - -4 - -29).
6
Calculate 44 - (-46 + 52 + 42).
-4
What is 23 + 1 + 2 + -16?
10
What is 36 - (27 - -14 - 5)?
0
Calculate (14 - (4 - -10 - 6)) + -10 + 1.
-3
Evaluate 175 + -183 - (-4 + -3).
-1
What is the value of (1 + -5 - 19) + 23?
0
Calculate (7 - 2 - (1 + 3)) + (3 - -13).
17
11 + (10 - 23) + -1
-3
Calculate -15 - 1 - (-740 - -736).
-12
Evaluate (-31 + 40 - 0) + (-27 - -2).
-16
What is the value of 8 + (-18 - 2) + 29?
17
13 + (-13 - (12 + -3))
-9
What is 6668 - 6652 - (-2 + 20 + 0)?
-2
What is 13 + 0 + (-8 - 15 - -28)?
18
What is the value of (34 - 10) + 1 + -14?
11
-36 + (-17 - -26) + 34
7
Calculate 0 + -22 + -14 + 43 + (-10 -